{"id":1556,"date":"2024-03-18T11:30:28","date_gmt":"2024-03-18T11:30:28","guid":{"rendered":"https:\/\/emwaycoaching.com\/emway\/?page_id=1556"},"modified":"2024-03-18T11:39:23","modified_gmt":"2024-03-18T11:39:23","slug":"equipe-des-formateurs-intra-entreprise","status":"publish","type":"page","link":"https:\/\/emwaycoaching.com\/emway\/equipe-des-formateurs-intra-entreprise\/","title":{"rendered":"Equipe des Formateurs Intra-Entreprise"},"content":{"rendered":"\t\t<div data-elementor-type=\"wp-page\" data-elementor-id=\"1556\" class=\"elementor elementor-1556\" data-elementor-post-type=\"page\">\n\t\t\t\t<div class=\"elementor-element elementor-element-24a05f3 e-flex e-con-boxed e-con e-parent\" data-id=\"24a05f3\" data-element_type=\"container\" data-settings=\"{&quot;background_background&quot;:&quot;classic&quot;,&quot;_ha_eqh_enable&quot;:false}\" data-core-v316-plus=\"true\">\n\t\t\t\t\t<div class=\"e-con-inner\">\n\t\t\t\t\t<\/div>\n\t\t\t\t<\/div>\n\t\t<div class=\"elementor-element elementor-element-7099787 e-flex e-con-boxed e-con e-parent\" data-id=\"7099787\" data-element_type=\"container\" data-settings=\"{&quot;_ha_eqh_enable&quot;:false}\" data-core-v316-plus=\"true\">\n\t\t\t\t\t<div class=\"e-con-inner\">\n\t\t<div class=\"elementor-element elementor-element-af1aa63 e-con-full e-flex e-con e-child\" data-id=\"af1aa63\" data-element_type=\"container\" data-settings=\"{&quot;_ha_eqh_enable&quot;:false}\">\n\t\t\t\t<div class=\"elementor-element elementor-element-8b939ac elementor-position-top elementor-widget elementor-widget-image-box\" data-id=\"8b939ac\" data-element_type=\"widget\" data-widget_type=\"image-box.default\">\n\t\t\t\t<div class=\"elementor-widget-container\">\n\t\t\t<style>\/*! elementor - v3.20.0 - 26-03-2024 *\/\n.elementor-widget-image-box .elementor-image-box-content{width:100%}@media (min-width:768px){.elementor-widget-image-box.elementor-position-left .elementor-image-box-wrapper,.elementor-widget-image-box.elementor-position-right .elementor-image-box-wrapper{display:flex}.elementor-widget-image-box.elementor-position-right .elementor-image-box-wrapper{text-align:right;flex-direction:row-reverse}.elementor-widget-image-box.elementor-position-left .elementor-image-box-wrapper{text-align:left;flex-direction:row}.elementor-widget-image-box.elementor-position-top .elementor-image-box-img{margin:auto}.elementor-widget-image-box.elementor-vertical-align-top .elementor-image-box-wrapper{align-items:flex-start}.elementor-widget-image-box.elementor-vertical-align-middle .elementor-image-box-wrapper{align-items:center}.elementor-widget-image-box.elementor-vertical-align-bottom .elementor-image-box-wrapper{align-items:flex-end}}@media (max-width:767px){.elementor-widget-image-box .elementor-image-box-img{margin-left:auto!important;margin-right:auto!important;margin-bottom:15px}}.elementor-widget-image-box .elementor-image-box-img{display:inline-block}.elementor-widget-image-box .elementor-image-box-title a{color:inherit}.elementor-widget-image-box .elementor-image-box-wrapper{text-align:center}.elementor-widget-image-box .elementor-image-box-description{margin:0}<\/style><div class=\"elementor-image-box-wrapper\"><figure class=\"elementor-image-box-img\"><img decoding=\"async\" width=\"212\" height=\"209\" src=\"https:\/\/emwaycoaching.com\/emway\/wp-content\/uploads\/2024\/03\/partenaire8.png\" class=\"attachment-full size-full wp-image-947\" alt=\"\" \/><\/figure><div class=\"elementor-image-box-content\"><h3 class=\"elementor-image-box-title\">Mahdi MOUATASSIME<\/h3><p class=\"elementor-image-box-description\"><p>Consultant \u2013 Coach certifi\u00e9 en PNL, form\u00e9  au CQPNL \u2013 Montr\u00e9al et \u00e0 L\u2019IFHE \u2013 Paris. Il est sp\u00e9cialis\u00e9 dans le management des ressources humaines, le coaching  op\u00e9rationnel et de la conduite du changement.\nFort de son parcours professionnel , de plus de 25 ans, comme dirigeant et cadre sup\u00e9rieur au sein de plusieurs entreprises nationales et multinationales de renom, op\u00e9rant dans diff\u00e9rents secteurs d\u2019activit\u00e9, il accompagne, depuis 2007, des dirigeants, des managers, des sportifs, des \u00e9quipes et des organisations pour lib\u00e9rer leur potentiel, d\u00e9velopper leur performance et atteindre leurs objectifs.<\/p>\n\n<p>Mahdi MOUTASSIME est le fondateur et directeur du centre Emway. Il est aussi Ma\u00eetre-Praticien en Hypnose Ericksonienne et Enseignant certifi\u00e9 en PNL, par Olivier LOCKERT, \u00e0 l\u2019Institut Fran\u00e7ais d\u2019Hypnose Ericksonienne \u00e0 Paris.<\/p><\/p><\/div><\/div>\t\t<\/div>\n\t\t\t\t<\/div>\n\t\t\t\t<\/div>\n\t\t<div class=\"elementor-element elementor-element-fa4d724 e-con-full e-flex e-con e-child\" data-id=\"fa4d724\" data-element_type=\"container\" data-settings=\"{&quot;_ha_eqh_enable&quot;:false}\">\n\t\t\t\t<div class=\"elementor-element elementor-element-ef5a53f elementor-position-top elementor-widget elementor-widget-image-box\" data-id=\"ef5a53f\" data-element_type=\"widget\" data-widget_type=\"image-box.default\">\n\t\t\t\t<div class=\"elementor-widget-container\">\n\t\t\t<div class=\"elementor-image-box-wrapper\"><figure class=\"elementor-image-box-img\"><img decoding=\"async\" width=\"212\" height=\"209\" src=\"https:\/\/emwaycoaching.com\/emway\/wp-content\/uploads\/2024\/03\/partenaire9.png\" class=\"attachment-full size-full wp-image-948\" alt=\"\" \/><\/figure><div class=\"elementor-image-box-content\"><h3 class=\"elementor-image-box-title\">Riahi CHABBA<\/h3><p class=\"elementor-image-box-description\"><p>Enseignant de la Programmation Neuro-Linguistique (PNL) certifi\u00e9 par l\u2019Institut Fran\u00e7ais de l\u2019Hypnose Ericksonienne \u00e0 Paris (IFHE).  Consultant et Coach professionnel certifi\u00e9 en PNL par le Centre Qu\u00e9b\u00e9cois de la PNL, Ma\u00eetre-praticien en Hypnose Ericksonienne certifi\u00e9 par l\u2019IFHE .Certifi\u00e9 en formation des formateurs par DOOR INTERNATIONAL \u2013 Training & Consulting.\nCertifi\u00e9 en techniques de pr\u00e9sentation et d\u2019animation des formations par DOOR INTERNATIONAL \u2013 Training & Consulting. <\/p><p>Certifi\u00e9 en techniques de cr\u00e9ativit\u00e9 et d\u2019innovation par DOOR INTERNATIONAL \u2013 Training & Consulting.  Membre de la Soci\u00e9t\u00e9 Internationale des Coachs PNL (SICPNL). Riahi CHABBA est sp\u00e9cialis\u00e9 en coaching de vie, de dirigeants, d\u2019\u00e9quipe, d\u2019organisation, du sport, du d\u00e9veloppement personnel & conduite de changement. Ex-directeur g\u00e9n\u00e9ral du centre Emway. C\u2019est une personne riche d\u2019une longue exp\u00e9rience p\u00e9dagogique, plus de 30 ans, en tant qu\u2019enseignant, inspecteur principal de l\u2019enseignement et cadre sup\u00e9rieur au niveau du Minist\u00e8re de l\u2019\u00c9ducation Nationale notamment dans la formation des cadres et de la documentation..<\/p><\/p><\/div><\/div>\t\t<\/div>\n\t\t\t\t<\/div>\n\t\t\t\t<\/div>\n\t\t\t\t\t<\/div>\n\t\t\t\t<\/div>\n\t\t<div class=\"elementor-element elementor-element-dd5b630 e-flex e-con-boxed e-con e-parent\" data-id=\"dd5b630\" data-element_type=\"container\" data-settings=\"{&quot;_ha_eqh_enable&quot;:false}\" data-core-v316-plus=\"true\">\n\t\t\t\t\t<div class=\"e-con-inner\">\n\t\t<div class=\"elementor-element elementor-element-55fed2f e-con-full e-flex e-con e-child\" data-id=\"55fed2f\" data-element_type=\"container\" data-settings=\"{&quot;_ha_eqh_enable&quot;:false}\">\n\t\t\t\t<div class=\"elementor-element elementor-element-286a36f elementor-position-top elementor-widget elementor-widget-image-box\" data-id=\"286a36f\" data-element_type=\"widget\" data-widget_type=\"image-box.default\">\n\t\t\t\t<div class=\"elementor-widget-container\">\n\t\t\t<div class=\"elementor-image-box-wrapper\"><figure class=\"elementor-image-box-img\"><img fetchpriority=\"high\" decoding=\"async\" width=\"300\" height=\"248\" src=\"https:\/\/emwaycoaching.com\/emway\/wp-content\/uploads\/2024\/03\/equipe8-300x248-1.png\" class=\"attachment-full size-full wp-image-1559\" alt=\"\" \/><\/figure><div class=\"elementor-image-box-content\"><h3 class=\"elementor-image-box-title\">Abdelilah MOUATASSIME<\/h3><p class=\"elementor-image-box-description\"><p>Consultant et Coach Professionnel certifi\u00e9 en PNL. Il est aussi Coach de vie, de dirigeants, d\u2019\u00e9quipe et d\u2019organisation.\nPersonne riche d\u2019une longue exp\u00e9rience en tant que Manager au sein des entreprises publiques et priv\u00e9es, il est ma\u00eetre praticien en Hypnose Ericksonienne \u00e0 l\u2019Institut Fran\u00e7ais d\u2019Hypnose Ericksoni\u00e8nne \u00e0 Paris, il est formateur en management et d\u00e9veloppement personnel..<\/p><\/p><\/div><\/div>\t\t<\/div>\n\t\t\t\t<\/div>\n\t\t\t\t<\/div>\n\t\t\t\t\t<\/div>\n\t\t\t\t<\/div>\n\t\t\t\t<\/div>\n\t\t","protected":false},"excerpt":{"rendered":"<p>Mahdi MOUATASSIME Consultant \u2013 Coach certifi\u00e9 en PNL, form\u00e9 au CQPNL \u2013 Montr\u00e9al et \u00e0 L\u2019IFHE \u2013 Paris. Il est sp\u00e9cialis\u00e9 dans le management des ressources humaines, le coaching op\u00e9rationnel [&hellip;]<\/p>\n","protected":false},"author":1,"featured_media":0,"parent":0,"menu_order":0,"comment_status":"closed","ping_status":"closed","template":"elementor_header_footer","meta":{"footnotes":""},"class_list":["post-1556","page","type-page","status-publish","hentry"],"_links":{"self":[{"href":"https:\/\/emwaycoaching.com\/emway\/wp-json\/wp\/v2\/pages\/1556","targetHints":{"allow":["GET"]}}],"collection":[{"href":"https:\/\/emwaycoaching.com\/emway\/wp-json\/wp\/v2\/pages"}],"about":[{"href":"https:\/\/emwaycoaching.com\/emway\/wp-json\/wp\/v2\/types\/page"}],"author":[{"embeddable":true,"href":"https:\/\/emwaycoaching.com\/emway\/wp-json\/wp\/v2\/users\/1"}],"replies":[{"embeddable":true,"href":"https:\/\/emwaycoaching.com\/emway\/wp-json\/wp\/v2\/comments?post=1556"}],"version-history":[{"count":4,"href":"https:\/\/emwaycoaching.com\/emway\/wp-json\/wp\/v2\/pages\/1556\/revisions"}],"predecessor-version":[{"id":1562,"href":"https:\/\/emwaycoaching.com\/emway\/wp-json\/wp\/v2\/pages\/1556\/revisions\/1562"}],"wp:attachment":[{"href":"https:\/\/emwaycoaching.com\/emway\/wp-json\/wp\/v2\/media?parent=1556"}],"curies":[{"name":"wp","href":"https:\/\/api.w.org\/{rel}","templated":true}]}}